ulate the greatest common divisor of o and 41.
41
Let l = -13 - -19. Suppose 0 = -l*o + 3*o. Suppose o = 4*u + 4*y - 236, 5*u - 2*y = 2*u + 162. What is the highest common factor of 7 and u?
7
Let a = 24 - -6. Suppose x = -5*n - 3*x + 30, -5*n - 2*x = -a. Let i = n + 1. What is the greatest common divisor of 49 and i?
7
Let r(i) = i**2 - 2*i**2 + 5*i - 1 + 4. Let h be r(5). Let d be (9 + 0)/(-5 + 6). Calculate the highest common divisor of d and h.
3
Let s(r) = 25*r + 5. Let y = 2 + 2. Let d be s(y). Calculate the greatest common divisor of d and 15.
15
Suppose -4*k + 282 = -2*x, -2*k - 4*x - x = -159. Suppose 5*f = 4*w - 52, 0 = 3*w + f - 0*f - 20. Calculate the highest common divisor of w and k.
8
Let i be 32/8*(-46)/(-4). Calculate the greatest common divisor of i and 2.
2
Suppose 0 = 14*d - 17*d + 6. What is the highest common factor of 8 and d?
2
Let x = -22 + 31. Calculate the highest common factor of 6 and x.
3
Let z be 3/5 + (-1191)/(-15). Calculate the highest common divisor of z and 40.
40
Let x = -7 + 43. Let j = 55 - x. Let r = 13 + j. What is the greatest common factor of r and 8?
8
Let v(h) = -3*h + 4*h - 25*h**3 - 3 - h**2 + 4. Let x be v(-1). Let w(j) = j**2 - j - 6. Let u be w(7). Calculate the highest common factor of u and x.
12
Let q(l) be the second derivative of l**3/6 + l**2 - l. Let s be q(-5). Let x be (-1 - 66/s)*3. Calculate the highest common divisor of x and 9.
9
Let k(n) = -n**2 - n - 2. Let v be k(-6). Let b = v + 109. Calculate the greatest common divisor of 7 and b.
7
Let o be -6*2*(-55)/30. What is the greatest common divisor of o and 11?
11
Suppose -4*s - z = 143, 4*s + 4*z + 107 = -45. Let l = -21 - s. What is the greatest common factor of l and 21?
7
Let j be 388/32 - ((-7)/8 - -1). Calculate the greatest common divisor of j and 24.
12
Let w be (1 + -4)*-1 + -1. Let h be (20*w - -2) + 3. Let x be (-1)/2 + (-19)/(-2). Calculate the greatest common divisor of x and h.
9
Let b(t) = 2*t**2 + 2*t - 3. Let m be b(2). Let c be 2/(-8) - (-362)/8. Calculate the highest common factor of m and c.
9
Let f = -17 - -28. What is the highest common factor of 55 and f?
11
Let u(p) = -p**2 - 18*p - 9. Let n be u(-17). What is the highest common divisor of n and 48?
8
Let f(h) = 4*h**3 + 2*h**2 - h. Let s be f(1). Calculate the highest common factor of 10 and s.
5
Suppose 2*y + 2*y = 3*k - 71, -5*y - 5*k = 115. Let w = -8 - y. Calculate the highest common factor of w and 12.
12
Suppose 0 = -3*q - 15, 2*j = -q + 4*q + 39. Suppose -240 = -a - 2*a + 3*s, 3*a + 4*s = 268. What is the highest common factor of a and j?
12
Let d be (0/(-3) - -1)*52. Calculate the highest common factor of 52 and d.
52
Let z = 2 + 2. Suppose 3*a = -z*x + 27, 5*a = -0*x - x + 11. Calculate the highest common factor of x and 42.
6
Let o = 14 + -2. Suppose -d - 2*j + 10 = 0, 2*j + o = 3*d - 26. Calculate the highest common factor of d and 48.
12
Suppose -3*m = 5*y + 40 - 335, -2*m = -4*y - 204. Suppose 0 = -x - 2*x + 4*o + 50, 5*x - o - 55 = 0. What is the greatest common factor of m and x?
10
Let s = 2 - -17. What is the greatest common factor of s and 76?
19
Let m be ((-72)/(-14))/(10/35) + 0. Calculate the highest common divisor of m and 234.
18
Let h = 61 + -48. Calculate the greatest common factor of h and 39.
13
Let o(h) = h**3 - 4*h**2 - 15*h + 17. Let z be o(8). Calculate the greatest common factor of z and 17.
17
Let c = -78 + 125. Suppose 14 = -3*l + c. What is the greatest common factor of 88 and l?
11
Suppose 0 = 7*h - 2*h. Suppose -u - 2*m - 54 = 0, 4*u + 2*m + 2*m + 220 = h. Let w be (u/20)/((-1)/35). Calculate the highest common divisor of w and 14.
14
Let j = 282 + -150. What is the greatest common factor of j and 33?
33
Let a = 7 + -179. Let x = 244 + a. Calculate the greatest common factor of x and 9.
9
Let b = 5 - 3. Let p be -1 - (0/(-2) + 24). Let i = 43 + p. What is the greatest common factor of b and i?
2
Let v = 11 - 0. Calculate the greatest common divisor of v and 99.
11
Let k(y) = y**3 - 3*y**2 + y - 1. Let p be k(3). Let h = 4 - p. Suppose -27 = h*n - 5*n. Calculate the highest common factor of n and 1.
1
Let t(r) = -9*r - 3. Let z be t(-2). Calculate the greatest common factor of z and 10.
5
Let o be 0*2/(-3 + -1). Suppose -5*p - 3*l = -93, o*p + 4*p = -l + 80. Calculate the highest common divisor of 105 and p.
21
Let z(d) = -d**2 + 3 + 3*d + d + d + 0. Let f be z(5). Let i be (-1)/2 + (-21)/(-6). What is the highest common factor of f and i?
3
Suppose -4*y + y + 90 = 0. Suppose 2*q + 120 = 6*q. Let v be 2*2*q/8. Calculate the highest common divisor of v and y.
15
Let n = 7 + -1. Calculate the highest common divisor of n and 2.
2
Let k = 176 + -342. Let w be k/(-4) + 1/2. What is the greatest common divisor of 63 and w?
21
Let r = -33 + 102. Calculate the highest common divisor of r and 23.
23
Let x(o) = -o + 1. Let m be x(1). Suppose -h - 2*h + 33 = m. Calculate the highest common divisor of h and 1.
1
Suppose -60 - 12 = d. Let n be (-3 - (3 - 3))*d. Calculate the greatest common divisor of n and 24.
24
Suppose -3 = 2*i - 15. Suppose -h + 14 = -2*n, -h - 2*h = -2*n - 62. Calculate the highest common divisor of h and i.
6
Let v = 68 + -36. Suppose 2*o = v + 8. Let r = 31 - o. What is the highest common divisor of r and 1?
1
Let c(r) = -r**2 - 7*r - 7. Let f be c(-4). Calculate the highest common divisor of f and 15.
5
Let t be ((-13)/2)/((-4)/56). Suppose -4*v + 5*a + 13 = -52, -5*v + 3*a = -t. Calculate the highest common divisor of v and 220.
20
Suppose -35 = -3*v + 5*j + 7, -6 = -2*v - 4*j. Suppose -31 - 32 = -7*o. Calculate the highest common divisor of o and v.
9
Let x = 88 + -53. Suppose u = -5 + 12. Calculate the greatest common divisor of x and u.
7
Suppose 4*u = 8 + 32. Suppose -5*g - 10 - 5 = 2*o, 0 = 3*o + g - u. What is the greatest common factor of 30 and o?
5
Let z(g) = -2*g + 9. Let i be z(-5). Calculate the greatest common divisor of 19 and i.
19
Let w = 4 + 0. Let v be 54/((-7)/(-5) + -1). Suppose h - w*h = -v. What is the highest common factor of h and 5?
5
Suppose 2*d = -d + 30. Let l(w) = -6*w + 4. Let j be l(-6). Calculate the greatest common factor of d and j.
10
Suppose 5*q - 40 = -4*d + 3*d, 0 = -d + 4*q - 5. What is the greatest common factor of d and 165?
15
Suppose -u = -2 - 5. Calculate the greatest common divisor of u and 63.
7
Let r(l) = 13*l - 3. Let m be r(10). Let t = m + -64. Calculate the greatest common factor of t and 9.
9
Suppose 3*d = 5*d + 4*a - 14, -5*a - 5 = 0. Calculate the highest common divisor of d and 9.
9
Let v be ((-54)/(-4))/(33/44). Suppose -v = -u - 0. Calculate the highest common divisor of 9 and u.
9
Let j be (-1 + -9)/(1/2). Let w be ((-8)/20)/(1/j). What is the highest common divisor of w and 1?
1
Let d be ((-4)/3 + 1)*-12. Calculate the highest common divisor of d and 12.
4
Suppose 0 = 2*v - 6 + 22. Suppose -12 = o + 5*x, -2*x - 4 = -0. Let k be (40/2)/(o/v). Calculate the highest common divisor of k and 10.
10
Let p = -4 - 0. Let u(r) = -4*r - 2. Let z be u(p). What is the greatest common divisor of 35 and z?
7
Suppose 3 - 11 = -4*l. Suppose -l*m - 498 = -7*m + b, 5*b - 110 = -m. What is the greatest common factor of 40 and m?
20
Suppose -5*s = -2*s + 5*c - 8, 0 = -4*c + 4. Let q = 9 + s. Suppose -2*d + 180 = -4*p, 4*d - 8*p = -3*p + 345. Calculate the greatest common divisor of d and q.
10
Let f = -17 + 41. Calculate the greatest common factor of 16 and f.
8
Let g(u) = -23*u - 2. Let c be g(-4). Suppose -5*w + 4*w - 2*j = -16, 88 = 5*w + 2*j. Calculate the greatest common divisor of c and w.
18
Let n(g) be the second derivative of -29*g**3/6 - g**2/2 - 3*g. Let w be n(-1). Let t be (-2 - w)/((-4)/12). Calculate the greatest common divisor of t and 10.
10
Let h be 20/6*9/5. What is the greatest common factor of 12 and h?
6
Suppose 3*d + 66 = -651. Let c = d + 349. Calculate the highest common factor of 22 and c.
22
Let z = 75 - -68. What is the highest common divisor of z and 13?
13
Suppose 0 = v - 5*n - 40, -4*v - 5*n = -30 - 30. Calculate the highest common divisor of v and 80.
20
Let v(r) = 141*r**2 - 1. Let f be v(-1). Calculate the highest common divisor of 14 and f.
14
Let c = -5 + 9. Let i be (1 - 3)/(c/142). Let x = -16 - i. What is the highest common divi